late the remainder when 12 is divided by d.
0
Suppose 4*a + 164 = q - 410, 2*a - 4 = 0. What is the remainder when q is divided by 8?
6
Calculate the remainder when 2733 is divided by 86/258 + 113/3.
35
Suppose 0 = 2*m + 2*m. Suppose m = t + 4*t. Suppose 0*v + v - 28 = t. What is the remainder when 110 is divided by v?
26
Let s(i) = 51*i**2 - 6*i. What is the remainder when s(1) is divided by 20?
5
Suppose -6*r - 104 - 70 = 0. Let x = r + 39. Calculate the remainder when 59 is divided by x.
9
Let k(r) = -r**3 - 5*r**2 + 7*r + 13. Suppose 23 = -3*l + n, 4*n - 9 = 2*l + 13. What is the remainder when k(l) is divided by 16?
14
Suppose 2*c - 1 + 9 = 0. What is the remainder when 8/(-44) + 20/(-11) + 6 is divided by 1 + -1*c/2?
1
Suppose -s + z + 95 + 44 = 0, 5 = -5*z. What is the remainder when s is divided by 60?
18
Suppose 3*y = -2*n + 24 + 29, 0 = 2*n - 8. Suppose 0*f - y = -3*f. What is the remainder when f is divided by 4?
1
Suppose -9*k = -4*k - 75. Suppose -2 = n, -q + 3*n = 2*q - 24. Calculate the remainder when k is divided by q.
3
Suppose -g - 9 + 25 = 0. Suppose 6*z - 10*z = -g. Suppose -2*b = 1 - 7. Calculate the remainder when z is divided by b.
1
Let g = 15 - 6. Suppose -g = -t - 5*w, -t = -2*t + 2*w - 12. Calculate the remainder when 31 is divided by (3/2)/(t/(-44)).
9
Suppose -13*q + 1090 + 1094 = 0. Calculate the remainder when q is divided by 9.
6
Suppose -3*i + 3*u = -174, 6*i - i + u - 260 = 0. Calculate the remainder when 157 is divided by i.
51
Suppose u = -3 + 45. Let v(j) = -j**3 - 4*j**2 - 4*j. Calculate the remainder when u is divided by v(-4).
10
Suppose 0 = 5*s - 4*k - 240, -186 = -4*s + 2*k - 0*k. Suppose 99 = -4*f + 3*y + 284, -f + s = -3*y. Calculate the remainder when f is divided by 10.
7
Let i(b) = -7*b + 269. Calculate the remainder when 269 is divided by i(36).
14
Suppose -j = -2*p - 5, 0 = -3*j + 2*p + 11 - 0. Suppose -j*f = 1 - 13. Calculate the remainder when 6 is divided by f.
2
Calculate the remainder when ((-88)/(-36) - 2) + 40072/72 is divided by 93.
92
Suppose -i - 5*l + 16 = -0*i, 8 = -4*l. What is the remainder when 701 is divided by i?
25
Calculate the remainder when (78/30)/((-1)/(-235)) is divided by 36.
35
Suppose q = 2*h - 3*q - 100, -2*h - q + 95 = 0. Suppose 0 = 4*d - 1 - 67. What is the remainder when h is divided by d?
14
Suppose 5*j + 4*u - 357 - 1927 = 0, -2281 = -5*j - u. Calculate the remainder when j is divided by 17.
14
Suppose 0 = -2*r + 26*r - 2328. Calculate the remainder when r is divided by 34.
29
Let m(y) = -3*y - 6. Let x be m(-3). What is the remainder when (6 - (-32)/(-6)) + 400/x is divided by 45?
44
Let p(r) = -12*r + 41. What is the remainder when p(-4) is divided by 34?
21
Suppose 8*x - 12*x = -176. Let u(l) = l**2 - l - 7. Let i be u(-3). Let h = i - -19. What is the remainder when x is divided by h?
20
Let k be (11 + -1)*6/15. Suppose 49 = k*y - 39. Calculate the remainder when y is divided by 8.
6
What is the remainder when 154 is divided by -1 - -26 - (-9)/63*7?
24
Suppose 0 = -142*p + 127*p + 885. Calculate the remainder when 183 is divided by p.
6
Let k = -12 - -45. Let c = -348 - -823. Suppose 5*x = m - 107, 5*m + x = 8 + c. Calculate the remainder when m is divided by k.
31
Suppose -2*v + 4*h - 2*h = -150, 4*v - h - 315 = 0. What is the remainder when 557 is divided by v?
77
Let v = 37 + 64. What is the remainder when v is divided by ((-104)/(-20))/(1/5)?
23
Let u = -415 - -435. What is the remainder when 438 is divided by u?
18
Let p(x) = -x + 2 + 6 - 4. What is the remainder when p(-6) is divided by 2?
0
Suppose -p - p = 3*z - 130, z = 2*p + 30. What is the remainder when 50 is divided by z?
10
Suppose c - 48 = -0*c. Calculate the remainder when c is divided by ((-26)/(-8))/(0 + 1/4).
9
Calculate the remainder when 94 is divided by ((1 - 1) + (-9)/9)*-19.
18
Let u(x) = 14*x**3 - x**2 + 2. Suppose 0 = -5*z + 3*b + 148, -146 = -5*z - 15*b + 16*b. What is the remainder when u(2) is divided by z?
23
Suppose -18*u + 455 = -13*u. What is the remainder when u is divided by 46?
45
Let v(d) = d**2 + 13*d + 16. Let t be v(-9). What is the remainder when 53 is divided by ((-210)/t)/((-3)/(-4))?
11
Suppose -4*x + 21*p - 22*p = -1432, -2*x + 4*p = -698. Calculate the remainder when x is divided by 14.
7
Suppose 2*t = -y + 34, y = 5*t - 3*y - 59. Calculate the remainder when (-23018)/(-119) - (-5)/((-35)/3) is divided by t.
13
Suppose -5*n - k + 1499 = 0, -10*n + 11*n = 3*k + 287. What is the remainder when n is divided by 10?
9
Let s = 1256 + -1043. What is the remainder when s is divided by 7?
3
Suppose -4*y - 5 = -33. Calculate the remainder when (28/(-84))/(-1 - (-182)/183) is divided by y.
5
Suppose -5*p = 4*x - 21, 4*p - 8 = -2*x + 10. Suppose -p*l + 185 = 5*t, -3*t - 2*l = -5*l - 135. What is the remainder when t is divided by 15?
11
Suppose 1 = 5*b - 3*s, 5*s - 11 - 4 = 0. Suppose 2*m - 2 = -b*r, 0*r = r + 5*m + 7. Calculate the remainder when 11 is divided by r.
2
Let m = -91 + 97. Suppose 19 = m*k - 29. What is the remainder when 23 is divided by k?
7
Let m(d) be the first derivative of -d**2/2 + 31*d - 3. What is the remainder when 29 is divided by m(20)?
7
Suppose -88*w = -85*w - 135. Calculate the remainder when w is divided by 25.
20
Suppose -w - 3 = -68. Let g = -63 + 64. Let d(l) = 14*l + 3. Calculate the remainder when w is divided by d(g).
14
Suppose 3*p - 2*p = -2*m + 28, -5*p = -5*m + 55. Calculate the remainder when 89 is divided by m.
11
Let v = -74 - -90. Calculate the remainder when v is divided by 16.
0
Suppose 0*z = -2*z + 5*m - 37, 2*z - 3*m = -39. Let o = -13 - z. Calculate the remainder when o is divided by 5.
3
Suppose 4*r - 117 = 7*r. Let w = r - -56. Calculate the remainder when 63 is divided by w.
12
Let d(k) = 21*k + 8. Let a be d(4). Suppose i = 5*i - a. Calculate the remainder when 43 is divided by i.
20
Let l be (-5)/(-5) - (51 - -2). Calculate the remainder when (30/8)/(-5)*l is divided by 21.
18
Suppose -2079 = -22*i + 13*i. What is the remainder when i is divided by 13?
10
Let p = 65 + -188. Let d = p + 131. What is the remainder when 29 is divided by d?
5
Suppose -o = 3970 - 3984. What is the remainder when 233 is divided by o?
9
Suppose -31*c - 44 = -33*c. Calculate the remainder when c is divided by 6.
4
Let c(n) = -n**3 + 27*n**2 - 23*n - 50. What is the remainder when c(26) is divided by 27?
1
Suppose 0 = 2*h - 5*q - 136, -2*q + 6*q + 8 = 0. Suppose 2*y = 55 + h. Let x = -9 + 24. What is the remainder when y is divided by x?
14
Suppose 311*d - 315*d = -76. Calculate the remainder when 203 is divided by d.
13
Let c be (-12)/(-45)*3*5. Let d = 9 - c. What is the remainder when 41 is divided by (-1)/d + 144/20?
6
Suppose x = 37 + 194. Suppose 2*z + 0*z - 3*y - x = 0, 5*z + 3*y - 588 = 0. What is the remainder when z is divided by 10?
7
Suppose -5*v - 4*u + 465 = 0, 0*v + 4*v = -5*u + 363. What is the remainder when v is divided by (-3168)/(-63) - (-4)/(-14)?
47
Suppose -z + 0 - 10 = -3*d, -4*z - 5 = -5*d. Suppose z*y = 91 + 14. Calculate the remainder when 60 is divided by y.
18
Let w(o) = o**3 - 9*o - 6. Let p = -24 - -28. Let m(j) = -j**2 - j. Let q(l) = p*m(l) - w(l). What is the remainder when 27 is divided by q(-5)?
3
Calculate the remainder when 99 is divided by (-39)/(-6) + (-1)/2.
3
Let a = 0 + 90. What is the remainder when a is divided by 8?
2
Calculate the remainder when 408/(-510)*(182/(-4) + -2) is divided by 14.
10
Suppose 12 = 3*h + 3*a, 3 - 2 = -2*h + a. Suppose -q + h = -1. Suppose -3*x + q*x + 14 = 0. Calculate the remainder when 27 is divided by x.
13
Suppose 7*c - 143 = 18. Calculate the remainder when c is divided by 12.
11
Let h = -62 - -89. Let a be (-4)/18 - 790/9. Let q = a - -168. Calculate the remainder when q is divided by h.
26
Suppose -h + 24 - 23 = 0. What is the remainder when 6 is divided by ((1 - 0) + h)/1?
0
Let u(a) = a**2 - 10*a + 7. Suppose -5*s + 50 = -5*q, 4*s - 2*s + 3*q = 5. What is the remainder when 18/s*56/6 is divided by u(10)?
3
Suppose 0 = -2*f + f. Let c(j) = -j. Let v be c(f). Suppose v = h - 4*h + 27. What is the remainder when 25 is divided by h?
7
Suppose -35*y = -57*y + 26*y - 244. Let m(h) = 13*h**2 - h + 1. Calculate the remainder when y is divided by m(1).
9
Let g(m) = -13*m**